18)*g?
2, 47
Let y = -130 + 1063. What are the prime factors of y?
3, 311
Suppose -1 = 4*v + 11, 312 = -3*b - 4*v. Let k = 867 - b. List the prime factors of k.
967
Let p(g) = g**2 - 12*g - 44. Let k be p(18). What are the prime factors of 0/(-2) + 648 + k/64?
11, 59
Let a be 18/15*(-7 + 1187). List the prime factors of 1 + (-7 + 8)*a.
13, 109
Suppose 4*a + 31*u = 32*u, 0 = -2*a - 2*u + 10. List the prime factors of (65352/(-112))/(a/(-2)).
3, 389
Let t = 75 + -75. Suppose 4*n + 571 = -3*f + 6*f, n + 379 = 2*f. Suppose t*c - 294 = -3*c + j, -2*c + 3*j = -f. What are the prime factors of c?
3, 11
Let b = 5541 + -5542. Let f(v) = v - 1. Let k(c) = -7*c**2 + 6*c - 6. Let s(a) = 5*f(a) - k(a). List the prime factors of s(b).
3
Suppose -264862 = -9*p + 130949. List the prime factors of p.
13, 17, 199
Suppose -5645*d = -5631*d - 567812. List the prime factors of d.
2, 7, 2897
Let o(r) = -132*r + 32. Let g be (6/4)/(9*7/(-168)). What are the prime factors of o(g)?
2, 5, 7
Suppose -2*q - 5*k + 16938 = -2015, q - 9479 = -2*k. List the prime factors of q.
3, 3163
Let u(r) = -21*r**2 + 19*r**2 - 6*r + 5*r**2 - 24. What are the prime factors of u(6)?
2, 3
Suppose 7*n = -12*n + 38. List the prime factors of (-28)/(-14) - -472 - (n + -1).
11, 43
Let n be (21/2 + 1)/((-6)/84). List the prime factors of n/23 + (-1976)/(-2).
3, 109
Let d = -3547 + 6067. Suppose 2937 + d = 17*w. List the prime factors of w.
3, 107
Suppose 3*h + 26 - 41 = 0. Suppose 4*a = 16, h*z - 2119 - 2788 = -3*a. List the prime factors of z.
11, 89
Let c = 838 + 3354. What are the prime factors of c?
2, 131
What are the prime factors of ((-10)/(220/(-2761)))/(5/250)?
5, 251
Let v = 28254 - 19828. List the prime factors of v.
2, 11, 383
Let w be (-4)/10 - 8315/25. Let r = w - -587. What are the prime factors of r?
2, 127
Suppose -2*k + 7*k = 25. Let z(j) = 2*j - 10. Let r be z(k). Suppose -v - 10 = -i - 6*v, 3*i - 5*v - 10 = r. List the prime factors of i.
5
Let l = 42919 + -20655. List the prime factors of l.
2, 11, 23
List the prime factors of ((-111)/(-74)*-1283)/(1/((-16)/6)).
2, 1283
Let s(i) = i**2 + 45*i + 71. Let j be s(-45). Suppose 85*b - 13342 = j*b. List the prime factors of b.
953
Let c be 2/(-10) + 59/(-5). Let f be 3 + (-3)/(c/(-40)). List the prime factors of ((-6144)/28)/(-2) - 2/f.
2, 5, 11
Let j be (-4)/(-22) + (-11313)/(-33). Suppose 0 = -q - j + 511. List the prime factors of q.
2, 3, 7
What are the prime factors of ((-224)/20 - -8)/(-1*(-10)/(-28375))?
2, 5, 227
Let v(o) = -4*o**3 - 20*o**2 - o + 9. Let q be v(-5). Suppose -q*p + 4719 - 407 = 0. List the prime factors of p.
2, 7, 11
Suppose -3*i - x + 26559 = 0, -69*i + 67*i - 2*x = -17702. What are the prime factors of i?
2, 19, 233
Let o = -20130 + 28229. List the prime factors of o.
7, 13, 89
Let y(i) = 209*i + 785. List the prime factors of y(8).
3, 7, 13
Suppose -4*x + 5*l = 8, x + 0*l = 2*l - 5. Let f(y) = -6*y + 4*y + 4 + 0*y**2 - 2*y + x*y**2. What are the prime factors of f(5)?
59
Let i = 2 + 0. Suppose 4*t = -4*u - 16, -i*t + 5*t = -5*u - 14. List the prime factors of 1/(1/(u + 88)).
3, 29
Suppose 4*q = -5*w - 78, -16 - 14 = 2*q - 2*w. Let j = q - -54. Let x = 45 + j. List the prime factors of x.
2, 41
Let o(w) = 2*w**2 + 13*w + 15. Let u(b) = -3*b - 39. Let f be u(-11). Let c be o(f). Suppose -c*l + 404 = -5*l. List the prime factors of l.
101
Suppose 0 = -9*f - 124 + 1717. Let s = f - -235. List the prime factors of s.
2, 103
Let h(j) = -21*j - 5. Let c be h(-5). Let s = -80 + c. What are the prime factors of s?
2, 5
Let d be 1233*10/(-15)*24/9. List the prime factors of d/(-10) + 3/30*-2.
3, 73
Suppose -z + 35102 = 5*a - 32331, 0 = -2*a - 4*z + 26984. What are the prime factors of a?
2, 11, 613
Suppose 4 = r - 0. Suppose -r*w + 21 = 3*w. List the prime factors of (-192 - w)*1*2/(-5).
2, 3, 13
Let p = -229 - -229. List the prime factors of 1 - p/(-2) - (-267 + -5).
3, 7, 13
Suppose -2*d + 3*b - 33 = -176, -329 = -5*d - 2*b. Let y = d - 63. Suppose y*q - 5 - 96 = -z, -3*q = 9. What are the prime factors of z?
113
Let w(x) = 108*x**3 - 8*x**2 + 22*x - 94. List the prime factors of w(5).
2, 3329
What are the prime factors of (776/6)/(11 - 16655*(-11)/(-16665))?
2, 97, 101
Let y = -79 + 19. What are the prime factors of -48*(870/y)/(3/2)?
2, 29
Suppose 10*o = 13*o - 21. Suppose -12*x - o = -31. Suppose 0 = -3*c - x*b + 449, -14 - 6 = 4*b. List the prime factors of c.
3, 17
What are the prime factors of (-129428)/228*(-3 + 0)?
13, 131
List the prime factors of (7016 - 9) + ((-22)/(-33))/(6/9).
2, 3, 73
Let u = -690 - -1593. Let o = u + -196. What are the prime factors of o?
7, 101
Let j(y) = 72*y**2 - 22*y - 2. Let r be j(-8). Suppose -9*x + 15*x = r. List the prime factors of x.
797
Let k be (6/30*5)/(3/99). Suppose -30*t = -k*t + 627. What are the prime factors of t?
11, 19
Let x(y) = -18*y - 112. Let f be x(-46). Let q = f - -756. What are the prime factors of q?
2, 23
Suppose -3*v - 4*b - 517 = 0, -4*b = 2*v - v + 183. Let h = v + 284. What are the prime factors of h?
3, 13
Let k = -81 - -91. Let z be k/85 + 0 + 13836/17. What are the prime factors of (z/(-385) - 4/(-10))*-21?
2, 3
Let w = -42 - -91. Suppose -w*a + 513 = -48*a. What are the prime factors of a?
3, 19
Suppose f - 2685 - 5211 = 4*j, 0 = -2*j + 10. List the prime factors of f.
2, 1979
Suppose -2*d - 6 = 0, f = -f - d - 111. Suppose -28 = 2*y + 5*k - 8, 0 = -2*y + 3*k - 4. List the prime factors of (f/y)/((135/200)/9).
2, 3
Let r = 48619 + -31912. What are the prime factors of r?
3, 5569
Suppose 2*m + 3*n - 3041 = 0, 30*m = 26*m - 5*n + 6087. What are the prime factors of m?
2, 191
Let a(z) = -3*z**3 + 151*z**2 + 178*z + 212. List the prime factors of a(51).
2, 7, 73
Let p(d) = d**3 + 6*d**2 - 15*d + 4. Let w = 54 - 60. List the prime factors of p(w).
2, 47
Let k(w) = w**3 + 8*w**2 - 6*w + 33. List the prime factors of k(24).
3, 31, 197
Let r = -60 + 65. Let q(t) = -2*t**3 - 10*t**2 - 8*t + 4. Let l be q(-6). Suppose -v - l = -r*v. What are the prime factors of v?
31
Suppose 3*i + 2 + 8 = 5*t, 5*t + i - 10 = 0. Suppose -t*q = -6*p - 1936, 2*p = 5*p + 12. What are the prime factors of q?
2, 239
Let j(s) = -4*s - 45. Let l be j(-16). Suppose 13*n - l*n = -756. List the prime factors of n.
2, 3, 7
Let x = 2866 + -2856. Let y(t) = -7*t - 10 - t**3 + 16*t**2 - 4*t**2 - t. What are the prime factors of y(x)?
2, 5, 11
Let a(z) = 297*z**2 - 4*z - 8. Let f be -2 + 0/(8/4). Let k be a(f). List the prime factors of 4/(-20) + (k/(-5))/(-3).
79
Suppose 61702 = -4*d + 387278. Suppose -71*n + 14314 = -d. List the prime factors of n.
2, 337
Let x = -9258 + 19356. List the prime factors of x.
2, 3, 11, 17
Let m be 395 + 2 - (-9)/(54/(-24)). Let h = m + -356. What are the prime factors of h?
37
Let j be (-13)/13 + (47 - 1). Suppose 6*a = j + 237. Suppose 69 = 2*z - a. List the prime factors of z.
2, 29
Let n(j) = -4*j**3 + j**2 - 12*j - 3. Let p be n(-4). List the prime factors of 5/(-6 - (-1903)/p).
5, 317
Let y = 4467 - 805. Suppose -6*k + y + 9922 = 0. Suppose -16*v + k = -1272. What are the prime factors of v?
13, 17
Suppose 82*c - 117571 = 78*c - w, 146939 = 5*c - 7*w. List the prime factors of c.
2, 11, 167
Let h be ((-80)/(-25) + -2)/(2/5). Suppose d + 3*b + 77 = h*d, 12 = -4*b. Let k = d - 26. What are the prime factors of k?
2
Let q = -1798 + 13776. List the prime factors of q.
2, 53, 113
Let j be (4*1)/(-2) + -58. Suppose -18*v + 33*v = -585. Let y = v - j. List the prime factors of y.
3, 7
Let z = -25671 + 68403. List the prime factors of z.
2, 3, 1187
Let y(k) = 3*k**2 + 4. Let o(h) = h**3 - 7*h**2 + 4*h + 2. Let v be o(5). Let t be 231/v + 6 - (-1)/4. What are the prime factors of y(t)?
2
Suppose -16*q + 620 = -15*q. Suppose 21*k = 17*k - q. Let m = k + 237. List the prime factors of m.
2, 41
Let f(v) = 19*v**3 + 16*v**3 + 6 - 3*v**3 + 8*v**2 - 5*v**3 - 6*v. List the prime factors of f(3).
3, 263
Suppose 4638 = -24*t + 18*t. Let g = -446 - t. Let i = -144 + g. What are the prime factors of i?
3, 61
Suppose 0 = 9*m + 47 - 74. Suppose 0 = -v + m*f + 220, -9*v = -12*v - f + 670. List the prime factors of v.
223
Let d(y) = y**3 + 2*y**2 - 2*y + 336. Let g = 118 - 118. Let m be d(g). Let k = m - 130. List the prime factors of k.
2, 103
Suppose -42*l + 